60 is divided by 1519?
1178
Calculate the remainder when 2051086 is divided by 683609.
259
Calculate the remainder when 1822491 is divided by 2611.
13
What is the remainder when 27681262 is divided by 11?
4
Calculate the remainder when 74206 is divided by 745.
451
What is the remainder when 263881 is divided by 2866?
209
What is the remainder when 8152 is divided by 3941?
270
Calculate the remainder when 13758989 is divided by 176397.
23
Calculate the remainder when 35560346 is divided by 126.
122
What is the remainder when 11887 is divided by 1778?
1219
What is the remainder when 6008027 is divided by 289?
6
What is the remainder when 154351 is divided by 152880?
1471
Calculate the remainder when 1329772 is divided by 1229.
1223
What is the remainder when 55314 is divided by 10738?
1624
Calculate the remainder when 265182 is divided by 353.
79
Calculate the remainder when 2203888 is divided by 181.
32
Calculate the remainder when 49160 is divided by 22965.
3230
Calculate the remainder when 1632766 is divided by 2281.
1851
What is the remainder when 68936406 is divided by 102128?
6
What is the remainder when 2177 is divided by 686?
119
What is the remainder when 210400 is divided by 105179?
42
Calculate the remainder when 4794850 is divided by 31.
18
Calculate the remainder when 455620 is divided by 1218.
88
What is the remainder when 15777 is divided by 15610?
167
What is the remainder when 2982123613 is divided by 43?
40
Calculate the remainder when 175043247 is divided by 62.
11
Calculate the remainder when 7232399 is divided by 294.
293
Calculate the remainder when 4232089 is divided by 756.
1
What is the remainder when 286517 is divided by 1738?
1485
What is the remainder when 41090052 is divided by 1956668?
24
Calculate the remainder when 19714231 is divided by 3338.
3
Calculate the remainder when 4451 is divided by 499.
459
Calculate the remainder when 540949 is divided by 90158.
1
What is the remainder when 108676165 is divided by 327?
4
What is the remainder when 750177 is divided by 149978?
287
Calculate the remainder when 298565 is divided by 6073.
988
Calculate the remainder when 2760316 is divided by 30003.
40
What is the remainder when 6487980 is divided by 4774?
114
Calculate the remainder when 90943389 is divided by 1515723.
9
Calculate the remainder when 9209059 is divided by 62.
13
Calculate the remainder when 734904 is divided by 1845.
594
What is the remainder when 12831548 is divided by 25?
23
Calculate the remainder when 329868 is divided by 80098.
9476
What is the remainder when 3072624 is divided by 4720?
4624
Calculate the remainder when 1003606 is divided by 5092.
482
What is the remainder when 110133875 is divided by 4483?
14
Calculate the remainder when 6720923 is divided by 1344180.
23
What is the remainder when 580161 is divided by 15167?
3815
Calculate the remainder when 107294906 is divided by 1247615.
16
What is the remainder when 70123 is divided by 4591?
1258
Calculate the remainder when 1267376 is divided by 7499.
45
Calculate the remainder when 1149925 is divided by 2541.
1393
What is the remainder when 13589244 is divided by 35?
4
What is the remainder when 628634 is divided by 346?
298
Calculate the remainder when 65620248 is divided by 32810116.
16
Calculate the remainder when 1681851 is divided by 350.
101
Calculate the remainder when 26744986 is divided by 16.
10
Calculate the remainder when 499501 is divided by 99873.
136
Calculate the remainder when 66467702 is divided by 2079.
2072
Calculate the remainder when 44191737 is divided by 15.
12
Calculate the remainder when 29100833 is divided by 4850137.
11
What is the remainder when 573972 is divided by 27?
6
Calculate the remainder when 10744001 is divided by 34000.
1
What is the remainder when 9367603 is divided by 15?
13
Calculate the remainder when 573317 is divided by 659.
646
Calculate the remainder when 238512 is divided by 119028.
456
Calculate the remainder when 6440489 is divided by 187.
22
Calculate the remainder when 27811599 is divided by 1638.
1635
What is the remainder when 862757 is divided by 82?
35
What is the remainder when 15169072 is divided by 249?
241
What is the remainder when 100427 is divided by 100267?
160
Calculate the remainder when 50923 is divided by 274.
233
Calculate the remainder when 423052 is divided by 140989.
85
What is the remainder when 46469919 is divided by 22?
1
Calculate the remainder when 20937 is divided by 9366.
2205
What is the remainder when 946898 is divided by 425?
423
What is the remainder when 6151941 is divided by 1122?
15
What is the remainder when 850015 is divided by 799?
678
Calculate the remainder when 14489762 is divided by 838.
742
Calculate the remainder when 54094 is divided by 857.
103
What is the remainder when 147506 is divided by 2731?
32
Calculate the remainder when 5164157 is divided by 425.
407
What is the remainder when 253406157 is divided by 5480?
5477
What is the remainder when 57786479 is divided by 863?
862
Calculate the remainder when 130889 is divided by 3613.
821
What is the remainder when 562900 is divided by 140716?
36
Calculate the remainder when 988199 is divided by 1406.
1187
What is the remainder when 14045513 is divided by 80260?
13
What is the remainder when 2514518 is divided by 47?
18
What is the remainder when 43871783 is divided by 4852?
4851
What is the remainder when 73131513 is divided by 9141436?
25
Calculate the remainder when 75761 is divided by 37262.
1237
Calculate the remainder when 1979355 is divided by 1747.
4
Calculate the remainder when 21056548 is divided by 20.
8
Calculate the remainder when 1096999 is divided by 4688.
7
Calculate the remainder when 36466 is divided by 682.
320
What is the remainder when 1287911 is divided by 521?
520
What is the remainder when 866570 is divided by 216636?
26
Calculate the remainder when 77153762 is divided by 1538.
1530
What is the remainder when 11054847 is divided by 2477?
2473
What is the remainder when 18488684 is divided by 247?
240
Calculate the remainder when 10763 is divided by 855.
503
What is the remainder when 18922081 is divided by 3784414?
11
Calculate the remainder when 78857 is divided by 2721.
2669
Calculate the remainder when 19420 is divided by 9399.
622
What is the remainder when 22064187 is divided by 5516029?
71
Calculate the remainder when 1666407 is divided by 374.
237
What is the remainder when 12163646 is divided by 3696?
110
Calculate the remainder when 29343 is divided by 4160.
223
Calculate the remainder when 23256182 is divided by 46.
8
Calculate the remainder when 74983 is divided by 1306.
541
Calculate the remainder when 711621 is divided by 1557.
72
What is the remainder when 17846435 is divided by 145?
125
Calculate the remainder when 461823 is divided by 230658.
507
What is the remainder when 69911476 is divided by 237?
31
What is the remainder when 49270361 is divided by 1003?
995
What is the remainder when 6742284 is divided by 1036?
1032
What is the remainder when 982287 is divided by 16934?
115
What is the remainder when 123022686 is divided by 58?
46
What is the remainder when 720861 is divided by 298?
297
Calculate the remainder when 193273 is divided by 21149.
2932
Calculate the remainder when 153401 is divided by 347.
27
What is the remainder when 253703 is divided by 5069?
253
Calculate the remainder when 3286418 is divided by 3286412.
6
What is the remainder when 69875 is divided by 175?
50
What is the remainder when 98135 is divided by 11?
4
What is the remainder when 47336 is divided by 1612?
588
What is the remainder when 8508648 is divided by 4254323?
2
Calculate the remainder when 47332028 is divided by 1486.
1442
Calculate the remainder when 48875894 is divided by 21.
11
What is the remainder when 203655 is divided by 16970?
15
What is the remainder when 154195 is divided by 286?
41
Calculate the remainder when 45673271 is divided by 26.
7
Calculate the remainder when 199714 is divided by 22189.
13
What is the remainder when 521354 is divided by 428?
50
What is the remainder when 172988 is divided by 12350?
88
What is the remainder when 15507323 is divided by 298?
297
Calculate the remainder when 14232179 is divided by 573.
5
Calculate the remainder when 586349